hen 33 is divided by r?
16
Suppose -5*u - x = -4057, 64*x - 67*x = -3*u + 2427. Calculate the remainder when u is divided by 24.
19
Let k = 309 - 270. Calculate the remainder when (-858)/(-4)*(-16)/(-24) is divided by k.
26
Suppose -14*k = -19*k + 64 + 131. What is the remainder when k is divided by ((-4 - -4) + 13)*1?
0
Suppose 0 = -2*u - 5*u - 14 + 70. What is the remainder when 949 is divided by u?
5
Suppose 3*w - 523 = 593. Suppose 0 = -10*u - 54 + 394. Calculate the remainder when w is divided by u.
32
Suppose -o + 18*j - 12*j + 98 = 0, 246 = 2*o - 2*j. What is the remainder when 470 is divided by o?
86
Let r(s) = 33*s + 10. Let k be r(5). Let a = 80 - k. Let b = a - -117. Calculate the remainder when 152 is divided by b.
20
Suppose 4*t - 54 = 39*y - 38*y, -3*t = y - 51. Suppose -3*k + 1 = -5. What is the remainder when 27*k/(2 + 0) is divided by t?
12
Suppose -121*b = -126*b - 3*l + 323, -l + 331 = 5*b. Calculate the remainder when 2208 is divided by b.
64
Let f = -161 - -157. Suppose 5*l = 4*l + 50. Calculate the remainder when l is divided by 20/(-80) - 37/f.
5
Let s be 6/14 + 25344/154. Let q = s - 137. Calculate the remainder when 48 is divided by q.
20
Let b = -6309 + 8757. What is the remainder when b is divided by 43?
40
Let s be (-1 - -49)/((42/(-4))/(-7)). What is the remainder when 3055/15 - (s/12 - 2) is divided by 34?
33
Suppose -4*t - 43*p + 47*p + 80 = 0, 0 = -4*t + 3*p + 75. What is the remainder when (-2)/(-10) + 538/10 is divided by t?
9
Suppose 1934*l - 1935*l + 28 = 0. What is the remainder when 545 is divided by l?
13
Suppose -31*d + 1648 = -21*d + i, -5*d = i - 828. Calculate the remainder when 1312 is divided by d.
0
Let l(t) = t**3 + 19*t**2 - 5*t + 8. Let i be l(-19). Calculate the remainder when i/(-206) - (0 + (-298)/4) is divided by 13.
9
Let p = 16 - -8. Suppose -j = 4*o - 33 + 8, -4*j + 3*o + p = 0. Suppose -37*i + 22*i = -795. What is the remainder when i is divided by j?
8
Suppose 0 = 5*z - 4*f - 3689, z - 2*f - 71 - 668 = 0. What is the remainder when z is divided by 109?
83
Suppose m = -5*u + 73, -11*u + 1 = -12*u. Let k(d) = d**2 - d + 12. Let n be k(0). What is the remainder when n/m + (-594)/(-26) is divided by 13?
10
Suppose -2*f - 5690 = -5*x - 7*f, 5*x - 5650 = 5*f. What is the remainder when x is divided by 224?
14
Calculate the remainder when 787 is divided by 2/3*(9 - 171/(-4 - -1)).
39
Let v be (-5 + 7 + -207)*1. Let x = -186 - v. Calculate the remainder when 36 is divided by x.
17
Let i(a) = 2*a**2 + 89*a - 76. Calculate the remainder when 579 is divided by i(-47).
102
Let n(h) be the third derivative of h**5/60 - 3*h**4/4 + 113*h**3/6 + 8*h**2. Calculate the remainder when n(22) is divided by 7.
5
Let q = 324 + -168. Suppose 3*c = -s + 49, 4*s = c - 3*c + q. What is the remainder when (4*6/8 - 2) + 146 is divided by s?
36
Suppose -2*p = -6*p + 112. Let h(g) = -g**3 + 463*g**2 - 1406*g + 12125. Calculate the remainder when h(460) is divided by p.
25
Suppose -n - 4*m + 49 = 39, -n = -2*m - 10. What is the remainder when 338 is divided by n?
8
Calculate the remainder when (-8)/(-60) - 185145/(-675)*3 is divided by 820.
3
Calculate the remainder when 87 is divided by ((-80)/75 + 2/5)/(376/(-8460)).
12
Let c(m) = 3*m**3 - 2*m**2 - 48*m + 153. What is the remainder when 935 is divided by c(3)?
71
Suppose 829 - 341 = 88*u - 13152. What is the remainder when 278 is divided by u?
123
Suppose 4*f - f = -2*t + 717, 705 = 3*f - 2*t. Let i = f - 210. Calculate the remainder when i is divided by 5.
2
Suppose 27925 = 20*h + 27485. Calculate the remainder when 110 is divided by h.
0
Suppose -255*r + 246990 + 343650 = 21*r. Calculate the remainder when r is divided by 13.
8
Let j(y) = 5*y. Let w = -8026 - -8076. What is the remainder when w is divided by j(4)?
10
Let c be 19268/20 + 21/35. Suppose z - 5*g = 197, 3*z + 393 = 5*g + c. What is the remainder when z is divided by 21?
19
Let p = -24309 - -24359. Suppose 5*q - 28 = 4*t, -5*q - 5*t = -13 + 3. What is the remainder when p is divided by q?
2
Suppose 56*k = 53*k - 3*j + 63, -j = 2*k - 37. Calculate the remainder when 11070 is divided by k.
14
Suppose 3*m = -2*o + 11834, 3*m + 17796 = -29*o + 32*o. What is the remainder when o is divided by 57?
55
Let q = 332 + -198. Suppose 4*r + z + 432 = -r, 0 = -r - 5*z - 72. Let b = q + r. Calculate the remainder when b is divided by 8.
7
Suppose 4*t = 12, 4*o - 4*t = -0*t + 820. Suppose -3*s - s = -o. Suppose -2*f = -v + 12, -2*v + f = 4*f - s. Calculate the remainder when v is divided by 12.
8
Suppose -2*l = -0*l - 14. Let u be 1 + (485 - 3) - (-6 + 8). Suppose q + u = 515. What is the remainder when q is divided by l?
6
Suppose -809 = -5*j + 4*k, 0 = -120*j + 124*j - 3*k - 649. What is the remainder when j is divided by 18?
7
Let c(r) be the third derivative of 3*r**2 + 1/120*r**6 + 0 + 0*r + 7/60*r**5 - 1/6*r**4 - 11/6*r**3. What is the remainder when c(-7) is divided by 9?
8
Let h(s) = 906*s - 5119. What is the remainder when h(6) is divided by 292?
25
Suppose -2*k + 12 = -2*x, 4*k - 16 = -4*x + 6*x. Suppose 0 = -3*n - k*l + 238, 4*l - 8*l = -8. What is the remainder when n is divided by 20?
18
Let x(p) = -14*p - 28. Let j be 75/(-15)*-1*(-1 + 0). What is the remainder when x(j) is divided by 16?
10
Suppose 0 = -3*n + 4*d + 237, 2*n - 6*d = -2*d + 166. Calculate the remainder when n is divided by 38.
33
Calculate the remainder when 1579 is divided by (-42)/16*(-5448)/2043.
4
Let l be (-4)/(-24) + (-6308)/(-24) + -2. Let r = l - 247. Calculate the remainder when 41 is divided by r.
13
What is the remainder when 739 is divided by ((-8)/40)/(4/(-380)*1)?
17
Suppose -3*x = -2*q - 345 - 18, -2*x = -2*q - 246. Calculate the remainder when 352 is divided by x.
1
Let i(m) = 13*m**2 - 3*m - 387. Calculate the remainder when i(-12) is divided by 18.
9
Suppose -13*l = 25*l. Suppose 54 = b - l. What is the remainder when b is divided by 8?
6
Suppose -6 = -f - 1. Suppose -4 = -f*b + 16. Calculate the remainder when 18/405 - 1878/(-270) is divided by b.
3
Let d be ((-12)/(-16))/(1/(-16)*-2). Suppose 1346 = d*a + 374. What is the remainder when a is divided by 29?
17
Suppose 0 = -2*j + y + 204, j + 295 = 4*j + 4*y. What is the remainder when j is divided by 12?
5
Let v = 4294 - 4122. What is the remainder when 1719 is divided by v?
171
Suppose 0*j + 498 = 3*j. Calculate the remainder when j is divided by 51/(-2)*48/(-108)*3.
30
Suppose 4*r = 13*r - 288. Suppose -r*m + 210 = -27*m. What is the remainder when 33 is divided by m/(-28)*32/(-6)?
1
Let r(d) = -d**2 - 97*d + 52218. Let y(a) be the second derivative of 2*a**4 + a**2/2 - a. Calculate the remainder when r(185) is divided by y(1).
23
Suppose 219*d - 430*d = -217*d + 1296. What is the remainder when d is divided by 57?
45
Suppose -5*h - 5*q = 1 - 6, -4*h - 2*q = -10. Suppose -9*p + h*p = -330. Suppose 7*c = c + p. What is the remainder when 41 is divided by c?
8
Let h(x) = -x**3 - 8*x**2 - 6*x. Let j be h(-6). Calculate the remainder when (-1 + -1)*53*13/(-26) is divided by (j/20)/(3/(-10)).
5
Suppose 2*x - 342 = -5*h, -h + 66 = -111*x + 112*x. Suppose -2912 = -16*n + 9*n. Calculate the remainder when n is divided by h.
66
Let s(t) = 53*t - 308. Let m(f) = 60*f - 309. Let q(v) = -6*m(v) + 7*s(v). What is the remainder when 188 is divided by q(30)?
20
Suppose 19*i = 20*i - 2. Suppose -60 = -3*v - i*v. Suppose 52 = w - y - y, 0 = 3*w + 5*y - 112. Calculate the remainder when w is divided by v.
8
Let l = 272 - 271. Calculate the remainder when (-2915)/(-35) + (-4)/14 is divided by -2 - (-64)/(4/l).
13
Suppose 4*z + 257 = f - 74, -3*f + 876 = z. What is the remainder when f is divided by 92?
19
Suppose 0 = 15*h - 13*h - 6. Suppose 4*f + h*q - 292 = 0, 5*q = -4*f - 0*q + 300. What is the remainder when f is divided by 18?
16
Let o(x) = 2*x**2 + 4*x + 1491. What is the remainder when o(-31) is divided by 3286?
3
Let x(t) = -33 + 85*t**2 + 2*t**3 - 175*t**2 + 106*t**2 + 7*t. Calculate the remainder when 60 is divided by x(-7).
12
Suppose -20 = 4*t, 697 = 5*f - 2*t - 818. What is the remainder when f is divided by 35?
21
Let o = 271 + -158. Let w be 9/27*(109 + 2). Suppose w*h + 76 = 41*h. What is the remainder when o is divided by h?
18
Let a = -76 - -83. Suppose 490 = a*g 